e (-2898)/84*(-2)/3. Calculate the remainder when 16 is divided by s(g).
2
Let j = -156 - -155. What is the remainder when (-14)/(-7) + (-195)/(-5) + j is divided by 2?
0
Suppose 20 - 38 = -3*t. Calculate the remainder when -132*((t - 5) + -2) is divided by 46.
40
Suppose -i + 91 = 4*y, 3*y = -5*i + 122 + 282. What is the remainder when i is divided by -2 + 21/56 + 229/8?
25
Suppose 26*f - 3*f - 47322 = -76*f. Calculate the remainder when f is divided by 128.
94
Let t be 61/((-50)/15 - -3). Let q = t - -200. Calculate the remainder when 24 is divided by q.
7
Let p(s) = 2*s**3 - 3*s**2 - 2*s - 4. Suppose 6*t + 41 = -67. What is the remainder when p(3) is divided by t/(-4) - (-1 + (-4)/(-8))?
2
Let r = -571 - -625. What is the remainder when 263 is divided by r?
47
Let y = -26365 + 26423. What is the remainder when y is divided by 21?
16
Suppose 82*u + 1611 = 91*u. Calculate the remainder when 533 is divided by u.
175
Let b(m) be the second derivative of 0 - 1/20*m**5 + m**2 - 36*m - 1/12*m**4 + 2/3*m**3. What is the remainder when 15 is divided by b(-3)?
7
Let v = -16792 + 25742. What is the remainder when v is divided by 24?
22
Suppose -266*x = -288 - 1042. Calculate the remainder when 2996 is divided by x.
1
Suppose -4*c - 4*l = -6*c + 88, 5*c - l = 211. Suppose -187 = -29*q - c. What is the remainder when 38 is divided by q?
3
What is the remainder when (24 - (-994)/(-42))/((-1)/(-2103)) is divided by (-512)/(-12)*(-6)/(-4)?
61
Let r = 41 - -21. Let q = 131 - r. What is the remainder when q is divided by 22?
3
Let q = 200 - 199. What is the remainder when ((-12)/(-8) + 9/6)*1 is divided by q?
0
Let v = 267 + -144. Suppose -4*n + 1 = -x - 11, 5*n = 2*x + 12. Let p(i) = 4*i**2 - i + 3. What is the remainder when v is divided by p(n)?
60
Let p = -884 - -619. Let d = 311 + p. Calculate the remainder when d is divided by 29.
17
What is the remainder when (-244840)/(-400) - (4 - (-39)/(-10)) is divided by 18?
0
Let t(r) = -7*r**2 - 27*r + 51. Let m(k) = -3*k**2 - 13*k + 26. Let b(c) = 9*m(c) - 4*t(c). Calculate the remainder when 29 is divided by b(7).
13
Let i = 4710 - 3660. Calculate the remainder when i is divided by 58.
6
Suppose -4*i + i - 9 = 0. What is the remainder when -3 - (-5 - (-3 - i)) is divided by 2?
0
Suppose 172*z = 48*z + 226792 + 15256. Calculate the remainder when z is divided by 115.
112
Let i(g) = 3*g**2 + 29*g - 83. Let n be i(-28). Suppose -4*j - 5*s = -1162, -5*j - 5*s + n = -s. Calculate the remainder when j is divided by 49.
48
Let m = -179 - -356. Suppose 261*u = 259*u + 168. Calculate the remainder when m is divided by u/39 + -2 - 2330/(-65).
33
Suppose 8*u = -201 + 641. Suppose 182 = u*j - 42*j. What is the remainder when 52 is divided by j?
10
Suppose -g + 11 = 13. Let h(s) = 6*s**2 + s - 2. What is the remainder when 3/((-5)/240*-4) is divided by h(g)?
16
Let p(s) = -22*s**2 - 579*s + 64. What is the remainder when p(-26) is divided by 67?
45
Let p(y) = -70*y**3 + 2*y**2 - 5*y - 3. What is the remainder when p(-3) is divided by 31?
29
Suppose -13*y = 4*y - 1190. Suppose -3*f + y = 2*d, -4*d + f + f = -124. What is the remainder when 74 is divided by -4 + -6*2/4 + d?
24
Suppose -m = 5*m + 1428. Let h = -160 - m. Suppose -72 = -3*l + h. What is the remainder when l is divided by 14?
8
Let j(d) = -41*d - 1538. Calculate the remainder when j(-50) is divided by 1.
0
What is the remainder when 239*(-6 + 9) + 30/(-6) is divided by 90?
82
Suppose 44*n - 76 = 40*n. Suppose -2*f + n - 23 = 0. Let p(h) = -5*h**3 - 3*h**2 - h - 2. What is the remainder when p(f) is divided by 10?
8
Suppose 5*j = 32*m - 36*m + 6160, 0 = 5*j - 40. Calculate the remainder when 3072 is divided by m.
12
Suppose 0 = -4*t + 12 + 264. Suppose -o - 209 = -3*f - f, 4*o - 235 = -5*f. Suppose 4*u - 45 - f = 0. Calculate the remainder when t is divided by u.
21
Suppose -6*j - 61 = -13. Let m(o) = -o**3 - 7*o**2 + 6*o + 13. Calculate the remainder when m(j) is divided by 5.
4
Suppose 55*m = 4229 + 9246. What is the remainder when m is divided by 132?
113
Suppose 2*p + 2*i - 89 - 153 = 0, -5*p = 3*i - 611. Let u = -93 + p. What is the remainder when 122 is divided by u?
29
Let k(j) = -4*j - 12. Suppose -3*x - 7*x - 50 = 0. Calculate the remainder when k(x) is divided by 3.
2
Let c(j) = 111*j + 1508. Calculate the remainder when c(-12) is divided by 61.
54
What is the remainder when 4207 is divided by (-128)/12*((-9)/(-6))/(-1)?
15
Suppose -4*i = -0*i - 20. Suppose -2*g + w + 7 = -4*g, -2*g = -w - 3. What is the remainder when 29 - g*(-1 + i) is divided by 17?
16
Let z = 2556 + -2225. What is the remainder when z is divided by 230?
101
Suppose 0 = 4*s + 4*o + 16, 28*s + 2*o + 29 = 23*s. Let j(l) = -l**3 - 4*l**2 + 18*l + 22. What is the remainder when 555 is divided by j(s)?
39
Suppose -253*y + 3374 = -29082 - 3217. Calculate the remainder when 270 is divided by y.
129
Let f = 1165 - 1157. Let s(t) = -t**3 + 7*t**2 + 6*t + 5. What is the remainder when s(7) is divided by f?
7
Suppose -6*z + 4*z = -4*v - 1138, 5*v + 2267 = 4*z. Suppose 35*y - 837 = z. What is the remainder when 678 is divided by y?
38
Suppose -3502 = -25*f - 277. Suppose 5*l = -2*b + 241, 3*l - f = -b - 8. Calculate the remainder when b is divided by 24.
22
Suppose 4*u + m = 2 + 22, -3*m + 17 = u. Suppose 16 = u*r - 24. Calculate the remainder when 20 is divided by r.
4
Let q = 7711 + -7704. What is the remainder when 69 is divided by q?
6
Suppose -5*s = -3*o + 39, 4*o = 5*s + 83 - 26. Suppose -2*r = j - 6, 4 = 4*r + 98*j - 95*j. What is the remainder when o is divided by r?
4
Suppose 2*i + 16*i = -2286. Let p = -58 - i. Suppose 0 = -2*g - 6 + 34. Calculate the remainder when p is divided by g.
13
Let t(p) = -53*p - 1469. Suppose 4*c - c - 67 = 5*j, -60 = -5*c - 2*j. Calculate the remainder when t(-28) is divided by c.
1
Suppose 5*s + 820 = 43*d - 38*d, 322 = 2*d + s. Suppose 7*w - 55 = 2*w. Calculate the remainder when d is divided by w.
8
Suppose 75 + 24 = 3*c. Let t = -30 + c. Suppose 8 = t*i - 7. Calculate the remainder when 38 is divided by i.
3
What is the remainder when (1 - (3 - 0)) + 231 is divided by 2 + 34/391*23?
1
Let b = -18088 - -18116. Calculate the remainder when 1622 is divided by b.
26
Suppose -3*p - 35 = b + 42, -2*p - 5*b = 73. Calculate the remainder when ((-1004)/p)/(2/12) is divided by 14.
13
Suppose -28*t = -3471 + 2631. What is the remainder when t is divided by 12?
6
Let p be 0 + ((-31818)/(-114) - 4/38). Suppose -o - 8*o = -p. Calculate the remainder when 122 is divided by o.
29
Let q(i) = 32*i**2 + 5*i - 109. Let z(c) = 45*c**2 + 7*c - 163. Let g(s) = 7*q(s) - 5*z(s). What is the remainder when 190 is divided by g(-6)?
14
Let k be -7*2/4*(-1410)/15. Calculate the remainder when (1 - 2)/(-10 + 3283/k) is divided by 5.
2
Suppose x = 23*w - 22*w - 7, 10 = -2*x. Calculate the remainder when (-37 - -645) + 3*w/3 is divided by 17.
15
Let k(a) = -474*a + 4296. What is the remainder when 192 is divided by k(9)?
12
Suppose -d + 5*i + 109 = 0, -157*d - i + 73 = -156*d. What is the remainder when 253 is divided by d?
16
Let q = 35270 - 34890. What is the remainder when q is divided by (154/6)/(4/12)?
72
Let p be 24/(-42) + (-25)/(-7). Suppose p*s + 232 - 244 = 0. Suppose 0 = -2*m - m + 3. What is the remainder when s is divided by m?
0
Let h = -57 - -65. Calculate the remainder when 35 is divided by (-12)/h*18/(-3).
8
Suppose -2*s + 3*a = 9*s - 5441, a = -4*s + 1989. What is the remainder when s is divided by 42?
34
Let n(c) = -c**2 - 9*c + 20. Suppose 0 = 6*l + 12*l - 900. What is the remainder when l is divided by n(-9)?
10
Calculate the remainder when 2264 is divided by (-14)/35*(114/(-4) - (21 + -22)).
9
Suppose 34*d - 2088 = -15*d + 117. Calculate the remainder when 1044 is divided by d.
9
Suppose 0 = 5*y, -4*y - 2 + 14 = d - 0. Calculate the remainder when 40 is divided by d.
4
Suppose 1913 + 9967 = 66*r. What is the remainder when 677 is divided by r?
137
Let t = -30754 - -32721. Calculate the remainder when t is divided by 34.
29
Let g be (4/(-30)*5)/((-1)/(-12)). What is the remainder when 37 is divided by (-3)/(-4 - 8) - 262/g?
4
Let b = -653 + 465. Let d = 211 + b. Calculate the remainder when 46 is divided by d.
0
Let m(l) = -5*l - 11*l - 2*l - l**2 - 56 - 4*l